{"id":364,"date":"2019-02-16T07:43:33","date_gmt":"2019-02-16T07:43:33","guid":{"rendered":"http:\/\/cirque-intense.de\/?page_id=364"},"modified":"2021-03-26T12:38:40","modified_gmt":"2021-03-26T12:38:40","slug":"archiv","status":"publish","type":"page","link":"https:\/\/cirque-intense.de\/en\/archiv\/","title":{"rendered":"Archiv"},"content":{"rendered":"<h4 class=\"wp-block-heading\"><strong>&#8222;In and Out&#8220;<\/strong><\/h4>\n\n\n\n<p>Zirkustheater zum Thema Schein und Sein<\/p>\n\n\n\n<div class=\"wp-block-image\"><figure class=\"aligncenter\"><img decoding=\"async\" width=\"1024\" height=\"769\" data-src=\"https:\/\/cirque-intense.de\/wp-content\/uploads\/2019\/04\/P1590311-1024x769.jpg\" alt=\"Foto Plakat\" class=\"wp-image-447 lazyload\" src=\"data:image\/svg+xml;base64,PHN2ZyB3aWR0aD0iMSIgaGVpZ2h0PSIxIiB4bWxucz0iaHR0cDovL3d3dy53My5vcmcvMjAwMC9zdmciPjwvc3ZnPg==\" style=\"--smush-placeholder-width: 1024px; --smush-placeholder-aspect-ratio: 1024\/769;\" \/><figcaption>In and Out<\/figcaption><\/figure><\/div>\n\n\n\n<p>Wer sind wir? Was zeigen wir? Wie wollen wir gesehen werden? Einfache Fragen, die man sich oft nicht wirklich beantwortet. Das versuchen wir jetzt: mit Artistik und Tanz, Musik und Theater, den Mitteln des Neuen Zirkus.<br>Wir, das Ensemble von Cirque Intense, loten in unserem kreativen Abschlussprogramm aus, was uns dazu einf\u00e4llt: Was macht uns aus?<br>Das Innere oder das \u00c4u\u00dfere?<br>Wie pr\u00e4sentieren wir uns, wer sind wir wirklich? Herdentiere? Einzelg\u00e4nger?<br>H\u00f6ren wir uns zu? Verstehen und vertrauen wir uns? Was wollen wir? Geld? Gl\u00fcck? Beides?<br>Eine Forschungsreise mit Julia, Ga\u00eblle, Salome, Ben und Nadja. Reisen Sie mit!<\/p>\n\n\n\n<p>Der Flyer zur Auff\u00fchrung ist hier zu finden: <a aria-label=\"Flyer (\u00f6ffnet in neuem Tab)\" href=\"https:\/\/cirque-intense.de\/wp-content\/uploads\/2019\/04\/Flyer_CI_web1.pdf\" target=\"_blank\" rel=\"noreferrer noopener\">Flyer<\/a><\/p>\n\n\n\n<h4 class=\"wp-block-heading\"><strong>Der Tourneeplan f\u00fcr unsere erste Abschlussauff\u00fchrung<\/strong><\/h4>\n\n\n\n<p>Vielleicht sind wir ja Eurer N\u00e4he? Dann kommt vorbei  und besucht uns.<br>Reservation und Infos gerne per Mail unter: <a href=\"mailto:anmeldung@cirque-intense.de\">anmeldung@cirque-intense.de<\/a><\/p>\n\n\n\n<p><\/p>\n\n\n\n<p>2.Juni: <strong>Adliswil (CH), <\/strong>Zirkus Marotte, 17 Uhr<\/p>\n\n\n\n<p>8. und 9.Juni: <strong>Schlo\u00df Hamborn<\/strong>, Waldorffestival, 19 Uhr<br>(Info: <a href=\"https:\/\/www.waldorf-festival.de\">https:\/\/www.waldorf-festival.de<\/a>)<\/p>\n\n\n\n<p>13.Juni:  <strong>Arlesheim (CH),<\/strong> Zirkus Robiano, 18:30<br>14.Juni: <strong>Arlesheim (CH)<\/strong>, Zirkus Robiano, 20:00<\/p>\n\n\n\n<p>27.Juni:<strong>Neuenburg<\/strong>, Cirque Intense Zelt, 10 Uhr<br>28.Juni: <strong>Neuenburg<\/strong>, Cirque Intense Zelt, 20 Uhr<br>29.Juni:<strong> Neuenburg,  <\/strong>Cirque Intense Zelt,17 Uhr<br>(Cirque Intense Zelt gegen\u00fcber des Campingplatzes Gugel in Neuenburg)<\/p>\n\n\n\n<p>3.Juli: <strong>Leipzig,&nbsp;<\/strong>Wandertheater von Pas de Deux, 20 Uhr<\/p>\n\n\n\n<p>6.Juli: <strong>Luzern<\/strong>,<strong>(CH),<\/strong> Tortellini<\/p>\n\n\n\n<p>12.Juli <strong>Z\u00fcrich<\/strong>,<strong>(CH),<\/strong> Zirkus Chnopf, 20 Uhr<\/p>\n\n\n\n<p>13. Juli: <strong>Hausen a. A. (CH), <\/strong>Parkplatz Chratz,<strong> 17 Uhr<\/strong><\/p>\n\n\n\n<p>17. Juli: <strong>Schw\u00e4bisch Hall<\/strong>, Gel\u00e4nde Heim Sch\u00f6neck, <strong>19 Uhr<\/strong><\/p>\n\n\n\n<h4 class=\"wp-block-heading\"><strong>Werkstatt-Auff\u00fchrung Cirque Intense 1.0<\/strong><\/h4>\n\n\n\n<p>Vom 21. bis 24.2. haben die ersten &#8222;Werkstatt-Auff\u00fchrungen&#8220; von Cirque Intense im Zirkuszelt in Neuenburg stattgefunden. Sei waren ein voller Erfolg: vor 300 Zuschauern zweiten die Cirque Intense TeilnehmerInnen, die seit September Vollzeit im Berufs-Orientierungsjahr trainieren ihre ersten Arbeitsergebnisse als &#8222;Work in progress&#8220;.<\/p>\n\n\n\n<figure class=\"wp-block-image\"><img decoding=\"async\" width=\"1024\" height=\"682\" data-src=\"https:\/\/cirque-intense.de\/wp-content\/uploads\/2019\/04\/Research-Workshop-6-1024x682.jpg\" alt=\"\" class=\"wp-image-464 lazyload\" data-srcset=\"https:\/\/cirque-intense.de\/wp-content\/uploads\/2019\/04\/Research-Workshop-6-1024x682.jpg 1024w, https:\/\/cirque-intense.de\/wp-content\/uploads\/2019\/04\/Research-Workshop-6-300x200.jpg 300w, https:\/\/cirque-intense.de\/wp-content\/uploads\/2019\/04\/Research-Workshop-6-768x512.jpg 768w, https:\/\/cirque-intense.de\/wp-content\/uploads\/2019\/04\/Research-Workshop-6.jpg 1280w\" data-sizes=\"(max-width: 767px) 89vw, (max-width: 1000px) 54vw, (max-width: 1071px) 543px, 580px\" src=\"data:image\/svg+xml;base64,PHN2ZyB3aWR0aD0iMSIgaGVpZ2h0PSIxIiB4bWxucz0iaHR0cDovL3d3dy53My5vcmcvMjAwMC9zdmciPjwvc3ZnPg==\" style=\"--smush-placeholder-width: 1024px; --smush-placeholder-aspect-ratio: 1024\/682;\" \/><figcaption>Impression aus der Vorstellung<\/figcaption><\/figure>\n\n\n\n<p>David Eisele, Absolvent der Zirkusschule Codarts aus Rotterdam, gastierte zus\u00e4tzlich mit Teilen seines Soloprogramms &#8222;Cycles&#8220;.<br><\/p>\n\n\n\n<p><\/p>\n\n\n\n<figure class=\"wp-block-image\"><img decoding=\"async\" width=\"320\" height=\"452\" data-src=\"https:\/\/cirque-intense.de\/wp-content\/uploads\/2019\/02\/image.png\" alt=\"\" class=\"wp-image-365 lazyload\" data-srcset=\"https:\/\/cirque-intense.de\/wp-content\/uploads\/2019\/02\/image.png 320w, https:\/\/cirque-intense.de\/wp-content\/uploads\/2019\/02\/image-212x300.png 212w\" data-sizes=\"(max-width: 320px) 100vw, 320px\" src=\"data:image\/svg+xml;base64,PHN2ZyB3aWR0aD0iMSIgaGVpZ2h0PSIxIiB4bWxucz0iaHR0cDovL3d3dy53My5vcmcvMjAwMC9zdmciPjwvc3ZnPg==\" style=\"--smush-placeholder-width: 320px; --smush-placeholder-aspect-ratio: 320\/452;\" \/><figcaption>Plakat Werkstattauff\u00fchrung 2018<br><\/figcaption><\/figure>","protected":false},"excerpt":{"rendered":"<p>&#8222;In and Out&#8220; Zirkustheater zum Thema Schein und Sein Wer sind wir? Was zeigen wir? Wie wollen wir gesehen werden? Einfache Fragen, die man sich oft nicht wirklich beantwortet. Das versuchen wir jetzt: mit Artistik und Tanz, Musik und Theater, den Mitteln des Neuen Zirkus.Wir, das Ensemble von Cirque Intense, loten in unserem kreativen Abschlussprogramm &hellip; <\/p>\n<p class=\"link-more\"><a href=\"https:\/\/cirque-intense.de\/en\/archiv\/\" class=\"more-link\">Continue reading<span class=\"screen-reader-text\"> &#8222;Archiv&#8220;<\/span><\/a><\/p>","protected":false},"author":1,"featured_media":0,"parent":0,"menu_order":0,"comment_status":"closed","ping_status":"closed","template":"","meta":{"ngg_post_thumbnail":0,"footnotes":""},"class_list":["post-364","page","type-page","status-publish","hentry"],"_links":{"self":[{"href":"https:\/\/cirque-intense.de\/en\/wp-json\/wp\/v2\/pages\/364","targetHints":{"allow":["GET"]}}],"collection":[{"href":"https:\/\/cirque-intense.de\/en\/wp-json\/wp\/v2\/pages"}],"about":[{"href":"https:\/\/cirque-intense.de\/en\/wp-json\/wp\/v2\/types\/page"}],"author":[{"embeddable":true,"href":"https:\/\/cirque-intense.de\/en\/wp-json\/wp\/v2\/users\/1"}],"replies":[{"embeddable":true,"href":"https:\/\/cirque-intense.de\/en\/wp-json\/wp\/v2\/comments?post=364"}],"version-history":[{"count":33,"href":"https:\/\/cirque-intense.de\/en\/wp-json\/wp\/v2\/pages\/364\/revisions"}],"predecessor-version":[{"id":1692,"href":"https:\/\/cirque-intense.de\/en\/wp-json\/wp\/v2\/pages\/364\/revisions\/1692"}],"wp:attachment":[{"href":"https:\/\/cirque-intense.de\/en\/wp-json\/wp\/v2\/media?parent=364"}],"curies":[{"name":"wp","href":"https:\/\/api.w.org\/{rel}","templated":true}]}}

<h4 class="wp-block-heading"><strong>&#8222;In and Out&#8220;</strong></h4>



<p>Zirkustheater zum Thema Schein und Sein</p>



<div class="wp-block-image"><figure class="aligncenter"><img decoding="async" width="1024" height="769" data-src="https://cirque-intense.de/wp-content/uploads/2019/04/P1590311-1024x769.jpg" alt="Foto Plakat" class="wp-image-447 lazyload" src="data:image/svg+xml;base64,PHN2ZyB3aWR0aD0iMSIgaGVpZ2h0PSIxIiB4bWxucz0iaHR0cDovL3d3dy53My5vcmcvMjAwMC9zdmciPjwvc3ZnPg==" style="--smush-placeholder-width: 1024px; --smush-placeholder-aspect-ratio: 1024/769;" /><figcaption>In and Out</figcaption></figure></div>



<p>Wer sind wir? Was zeigen wir? Wie wollen wir gesehen werden? Einfache Fragen, die man sich oft nicht wirklich beantwortet. Das versuchen wir jetzt: mit Artistik und Tanz, Musik und Theater, den Mitteln des Neuen Zirkus.<br>Wir, das Ensemble von Cirque Intense, loten in unserem kreativen Abschlussprogramm aus, was uns dazu einfällt: Was macht uns aus?<br>Das Innere oder das Äußere?<br>Wie präsentieren wir uns, wer sind wir wirklich? Herdentiere? Einzelgänger?<br>Hören wir uns zu? Verstehen und vertrauen wir uns? Was wollen wir? Geld? Glück? Beides?<br>Eine Forschungsreise mit Julia, Gaëlle, Salome, Ben und Nadja. Reisen Sie mit!</p>



<p>Der Flyer zur Aufführung ist hier zu finden: <a aria-label="Flyer (öffnet in neuem Tab)" href="https://cirque-intense.de/wp-content/uploads/2019/04/Flyer_CI_web1.pdf" target="_blank" rel="noreferrer noopener">Flyer</a></p>



<h4 class="wp-block-heading"><strong>Der Tourneeplan für unsere erste Abschlussaufführung</strong></h4>



<p>Vielleicht sind wir ja Eurer Nähe? Dann kommt vorbei  und besucht uns.<br>Reservation und Infos gerne per Mail unter: <a href="mailto:anmeldung@cirque-intense.de">anmeldung@cirque-intense.de</a></p>



<p></p>



<p>2.Juni: <strong>Adliswil (CH), </strong>Zirkus Marotte, 17 Uhr</p>



<p>8. und 9.Juni: <strong>Schloß Hamborn</strong>, Waldorffestival, 19 Uhr<br>(Info: <a href="https://www.waldorf-festival.de">https://www.waldorf-festival.de</a>)</p>



<p>13.Juni:  <strong>Arlesheim (CH),</strong> Zirkus Robiano, 18:30<br>14.Juni: <strong>Arlesheim (CH)</strong>, Zirkus Robiano, 20:00</p>



<p>27.Juni:<strong>Neuenburg</strong>, Cirque Intense Zelt, 10 Uhr<br>28.Juni: <strong>Neuenburg</strong>, Cirque Intense Zelt, 20 Uhr<br>29.Juni:<strong> Neuenburg,  </strong>Cirque Intense Zelt,17 Uhr<br>(Cirque Intense Zelt gegenüber des Campingplatzes Gugel in Neuenburg)</p>



<p>3.Juli: <strong>Leipzig,&nbsp;</strong>Wandertheater von Pas de Deux, 20 Uhr</p>



<p>6.Juli: <strong>Luzern</strong>,<strong>(CH),</strong> Tortellini</p>



<p>12.Juli <strong>Zürich</strong>,<strong>(CH),</strong> Zirkus Chnopf, 20 Uhr</p>



<p>13. Juli: <strong>Hausen a. A. (CH), </strong>Parkplatz Chratz,<strong> 17 Uhr</strong></p>



<p>17. Juli: <strong>Schwäbisch Hall</strong>, Gelände Heim Schöneck, <strong>19 Uhr</strong></p>



<h4 class="wp-block-heading"><strong>Werkstatt-Aufführung Cirque Intense 1.0</strong></h4>



<p>Vom 21. bis 24.2. haben die ersten &#8222;Werkstatt-Aufführungen&#8220; von Cirque Intense im Zirkuszelt in Neuenburg stattgefunden. Sei waren ein voller Erfolg: vor 300 Zuschauern zweiten die Cirque Intense TeilnehmerInnen, die seit September Vollzeit im Berufs-Orientierungsjahr trainieren ihre ersten Arbeitsergebnisse als &#8222;Work in progress&#8220;.</p>



<figure class="wp-block-image"><img decoding="async" width="1024" height="682" data-src="https://cirque-intense.de/wp-content/uploads/2019/04/Research-Workshop-6-1024x682.jpg" alt="" class="wp-image-464 lazyload" data-srcset="https://cirque-intense.de/wp-content/uploads/2019/04/Research-Workshop-6-1024x682.jpg 1024w, https://cirque-intense.de/wp-content/uploads/2019/04/Research-Workshop-6-300x200.jpg 300w, https://cirque-intense.de/wp-content/uploads/2019/04/Research-Workshop-6-768x512.jpg 768w, https://cirque-intense.de/wp-content/uploads/2019/04/Research-Workshop-6.jpg 1280w" data-sizes="(max-width: 767px) 89vw, (max-width: 1000px) 54vw, (max-width: 1071px) 543px, 580px" src="data:image/svg+xml;base64,PHN2ZyB3aWR0aD0iMSIgaGVpZ2h0PSIxIiB4bWxucz0iaHR0cDovL3d3dy53My5vcmcvMjAwMC9zdmciPjwvc3ZnPg==" style="--smush-placeholder-width: 1024px; --smush-placeholder-aspect-ratio: 1024/682;" /><figcaption>Impression aus der Vorstellung</figcaption></figure>



<p>David Eisele, Absolvent der Zirkusschule Codarts aus Rotterdam, gastierte zusätzlich mit Teilen seines Soloprogramms &#8222;Cycles&#8220;.<br></p>



<p></p>



<figure class="wp-block-image"><img decoding="async" width="320" height="452" data-src="https://cirque-intense.de/wp-content/uploads/2019/02/image.png" alt="" class="wp-image-365 lazyload" data-srcset="https://cirque-intense.de/wp-content/uploads/2019/02/image.png 320w, https://cirque-intense.de/wp-content/uploads/2019/02/image-212x300.png 212w" data-sizes="(max-width: 320px) 100vw, 320px" src="data:image/svg+xml;base64,PHN2ZyB3aWR0aD0iMSIgaGVpZ2h0PSIxIiB4bWxucz0iaHR0cDovL3d3dy53My5vcmcvMjAwMC9zdmciPjwvc3ZnPg==" style="--smush-placeholder-width: 320px; --smush-placeholder-aspect-ratio: 320/452;" /><figcaption>Plakat Werkstattaufführung 2018<br></figcaption></figure>
